{"id":8,"date":"2006-08-08T22:24:27","date_gmt":"2006-08-08T20:24:27","guid":{"rendered":"http:\/\/blog.oli.li\/?page_id=8"},"modified":"2026-01-01T21:57:23","modified_gmt":"2026-01-01T20:57:23","slug":"impressum-2","status":"publish","type":"page","link":"https:\/\/www.oli.li\/blog\/impressum-2\/","title":{"rendered":"Impressum"},"content":{"rendered":"<p>Ich, <a title=\"E-Mail an Oli senden\" href=\"mailto:oli@oli.li\">Oliver Brack<\/a>, bin 44 Jahre alt und treibe in meiner Freizeit viel Sport \u2013 vor allem Lauf- und Radsport. Zus\u00e4tzlich geniesse ich es, die Schweiz mit dem Flugzeug zu erkunden und somit sprichw\u00f6rtlich meinen Horizont zu erweitern.<\/p>\n<p>L\u00e4ngere Zeit in Belgrad lebend, nutzte ich den Blog, um <a href=\"https:\/\/www.oli.li\/blog\/category\/belgrad\/\">meine Eindr\u00fccke aus Serbiens Hauptstadt<\/a> zu schildern und alle Interessierten an meinem &#8220;Abenteuer&#8221; teilhaben zu lassen.<\/p>\n\n\n<p><\/p>\n","protected":false},"excerpt":{"rendered":"<p>Ich, Oliver Brack, bin 44 Jahre alt und treibe in meiner Freizeit viel Sport \u2013 vor allem Lauf- und Radsport. Zus\u00e4tzlich geniesse ich es, die Schweiz mit dem Flugzeug zu erkunden und somit sprichw\u00f6rtlich meinen Horizont zu erweitern. L\u00e4ngere Zeit &hellip; <a href=\"https:\/\/www.oli.li\/blog\/impressum-2\/\">Continue reading <span class=\"meta-nav\">&rarr;<\/span><\/a><\/p>\n","protected":false},"author":1,"featured_media":0,"parent":0,"menu_order":0,"comment_status":"open","ping_status":"open","template":"","meta":{"ngg_post_thumbnail":0,"footnotes":""},"class_list":["post-8","page","type-page","status-publish","hentry"],"_links":{"self":[{"href":"https:\/\/www.oli.li\/blog\/wp-json\/wp\/v2\/pages\/8","targetHints":{"allow":["GET"]}}],"collection":[{"href":"https:\/\/www.oli.li\/blog\/wp-json\/wp\/v2\/pages"}],"about":[{"href":"https:\/\/www.oli.li\/blog\/wp-json\/wp\/v2\/types\/page"}],"author":[{"embeddable":true,"href":"https:\/\/www.oli.li\/blog\/wp-json\/wp\/v2\/users\/1"}],"replies":[{"embeddable":true,"href":"https:\/\/www.oli.li\/blog\/wp-json\/wp\/v2\/comments?post=8"}],"version-history":[{"count":17,"href":"https:\/\/www.oli.li\/blog\/wp-json\/wp\/v2\/pages\/8\/revisions"}],"predecessor-version":[{"id":1832,"href":"https:\/\/www.oli.li\/blog\/wp-json\/wp\/v2\/pages\/8\/revisions\/1832"}],"wp:attachment":[{"href":"https:\/\/www.oli.li\/blog\/wp-json\/wp\/v2\/media?parent=8"}],"curies":[{"name":"wp","href":"https:\/\/api.w.org\/{rel}","templated":true}]}}